{"id":641,"date":"2018-01-10T20:52:52","date_gmt":"2018-01-10T19:52:52","guid":{"rendered":"http:\/\/limfjorden.danmarksveteraner.dk\/wordpress\/?page_id=641"},"modified":"2018-06-10T22:12:17","modified_gmt":"2018-06-10T20:12:17","slug":"logbuy-ordningen","status":"publish","type":"page","link":"https:\/\/limfjorden.danmarksveteraner.dk\/wordpress\/diverse\/logbuy-ordningen\/","title":{"rendered":"LogBuy ordningen"},"content":{"rendered":"<p>&nbsp;<\/p>\n<p style=\"text-align: center;\"><a href=\"http:\/\/limfjorden.danmarksveteraner.dk\/wordpress\/wp-content\/uploads\/2018\/01\/logbuy.jpg\"><img loading=\"lazy\" decoding=\"async\" class=\"aligncenter size-full wp-image-642\" src=\"http:\/\/limfjorden.danmarksveteraner.dk\/wordpress\/wp-content\/uploads\/2018\/01\/logbuy.jpg\" alt=\"\" width=\"330\" height=\"145\" \/><\/a><\/p>\n<p>Der er blevet efterlyst en kort beskrivelse af LOGBUY ordningen, og hvorledes man bliver tilknyttet ordningen.<\/p>\n<p><strong>Hvem g\u00e6lder ordningen for?<\/strong><br \/>\nMed et enkelt klik kort, klik eller via Logbuy APP har Forsvarets personel og veteraner adgang\u00a0til rabatter og fordele, der er indg\u00e5et med butikker over hele landet.<br \/>\nDer udsendes ikke l\u00e6ngere kort, idet kort kan udskrives via egen profil p\u00e5 <a href=\"http:\/\/www.mylogbuy.com\" target=\"_blank\" rel=\"noopener\">www.mylogbuy.com<\/a>\u00a0i toppen af siden under det lille person ikon.<br \/>\nOrdningen er for veteraner i Forsvaret og Beredskabsstyrelsen samt fast personel i Forsvaret.<br \/>\nOrdningen g\u00e6lder ikke personel af reserven, v\u00e6rnepligtige eller personel med midlertidige\u00a0ans\u00e6ttelser (K1 og K3 kontrakter).<\/p>\n<p><strong>Oprettelse af profil i Logbuy<\/strong><\/p>\n<ul>\n<li>G\u00e5 ind p\u00e5 <a href=\"http:\/\/www.mylogbuy.com\" target=\"_blank\" rel=\"noopener\">www.mylogbuy.com<\/a> og opret profil<\/li>\n<li>Under firma v\u00e6lges Forsvaret eller Beredskabsstyrelsen.<\/li>\n<li>Under mail anf\u00f8res privat e-mail adresse (mil.dk m\u00e5 ikke l\u00e6ngere anvendes).<\/li>\n<li>Under l\u00f8nnummer indtastes MA-nummer, haves dette ikke indtastes: xxxxxx.<\/li>\n<li>Efter oprettelse af profil, sendes denne automatisk op til godkendelse i Logbuy\u2019s HR-HUB hvor en sagsbehandler i Forsvarets Personelstyrelse (FPS) dagligt godkender an-<br \/>\ns\u00f8gningerne.<\/li>\n<li>Efter godkendelse sendes automatisk en mail fra Logbuy til ans\u00f8geren om, at ordningen\u00a0nu er tilg\u00e6ngelig.<\/li>\n<\/ul>\n<p><strong>Brugere<\/strong><\/p>\n<p>Forsvaret, Beredskabsstyrelsen og Veterancenteret har 35.563 tilmeldte brugere. Der er indg\u00e5et en ny aftale for perioden september 2017 \u2013 august 2018, og den d\u00e6kker op til 37.000\u00a0brugere.<\/p>\n<p>Logbuy fremsender ugentligt informationer om aktuelle tilbud, rabatter og nye aftaler. Efter sigende kan der spares flere tusinde kroner \u00e5rligt, hvis man husker at anvende ordningen.<\/p>\n","protected":false},"excerpt":{"rendered":"<p>&nbsp; Der er blevet efterlyst en kort beskrivelse af LOGBUY ordningen, og hvorledes man bliver tilknyttet ordningen. Hvem g\u00e6lder ordningen<\/p>\n","protected":false},"author":1,"featured_media":0,"parent":635,"menu_order":1,"comment_status":"closed","ping_status":"closed","template":"","meta":{"_crdt_document":"","footnotes":""},"class_list":["post-641","page","type-page","status-publish","hentry"],"_links":{"self":[{"href":"https:\/\/limfjorden.danmarksveteraner.dk\/wordpress\/wp-json\/wp\/v2\/pages\/641","targetHints":{"allow":["GET"]}}],"collection":[{"href":"https:\/\/limfjorden.danmarksveteraner.dk\/wordpress\/wp-json\/wp\/v2\/pages"}],"about":[{"href":"https:\/\/limfjorden.danmarksveteraner.dk\/wordpress\/wp-json\/wp\/v2\/types\/page"}],"author":[{"embeddable":true,"href":"https:\/\/limfjorden.danmarksveteraner.dk\/wordpress\/wp-json\/wp\/v2\/users\/1"}],"replies":[{"embeddable":true,"href":"https:\/\/limfjorden.danmarksveteraner.dk\/wordpress\/wp-json\/wp\/v2\/comments?post=641"}],"version-history":[{"count":1,"href":"https:\/\/limfjorden.danmarksveteraner.dk\/wordpress\/wp-json\/wp\/v2\/pages\/641\/revisions"}],"predecessor-version":[{"id":643,"href":"https:\/\/limfjorden.danmarksveteraner.dk\/wordpress\/wp-json\/wp\/v2\/pages\/641\/revisions\/643"}],"up":[{"embeddable":true,"href":"https:\/\/limfjorden.danmarksveteraner.dk\/wordpress\/wp-json\/wp\/v2\/pages\/635"}],"wp:attachment":[{"href":"https:\/\/limfjorden.danmarksveteraner.dk\/wordpress\/wp-json\/wp\/v2\/media?parent=641"}],"curies":[{"name":"wp","href":"https:\/\/api.w.org\/{rel}","templated":true}]}}