{"id":38,"date":"2016-05-14T12:12:30","date_gmt":"2016-05-14T12:12:30","guid":{"rendered":"http:\/\/test.danmarksveteraner.dk\/wordpress\/?page_id=38"},"modified":"2017-03-23T17:13:16","modified_gmt":"2017-03-23T16:13:16","slug":"administrativt","status":"publish","type":"page","link":"https:\/\/limfjorden.danmarksveteraner.dk\/wordpress\/organisation\/administrativt\/","title":{"rendered":"Administrativt"},"content":{"rendered":"<p id=\"overskrift\"><strong>Kort over Aalborg Kaserner<\/strong><a href=\"http:\/\/limfjorden.danmarksveteraner.dk\/wordpress\/wp-content\/uploads\/2016\/05\/Kasernen.jpg\"><img loading=\"lazy\" decoding=\"async\" class=\"aligncenter size-thumbnail wp-image-270\" src=\"http:\/\/limfjorden.danmarksveteraner.dk\/wordpress\/wp-content\/uploads\/2016\/05\/Kasernen-150x150.jpg\" alt=\"kasernen\" width=\"150\" height=\"150\" \/><\/a><\/p>\n<p>&nbsp;<\/p>\n<h6>Klik p\u00e5 kortet for at forst\u00f8rre det.<\/h6>\n<p id=\"overskrift\">V\u00e6rdier<\/p>\n<blockquote><p>V\u00e6rdierne for lokalforening &#8220;LIMFJORDEN&#8221; er:LOYALITET:<br \/>\nGrundlaget er for os:<br \/>\nMed hensynsfuldhed respekterer vi hinandens beslutninger.<br \/>\nDet daglige arbejde udf\u00f8res under korps\u00e5nd, trov\u00e6rdighed og kollegialitet, samtidig med, at vi viser vores anerkendelse og<br \/>\nevner at p\u00e5sk\u00f8nne hinandens initiativer.<br \/>\nV\u00e6re \u00e6rlige overfor hinanden.<\/p>\n<p>SAMARBEJDE:<br \/>\nGrundlaget er for os:<br \/>\nVi udviser tillid, er \u00e5bne og udviser gensidig respekt for hinandens arbejdsomr\u00e5der.<br \/>\nVed fleksibilitet og brug af hinandens faglige kompetence vil det blive naturligt at give og modtage hj\u00e6lp.<br \/>\nDette opn\u00e5s blandt andet gennem engagement og h\u00f8jt informationsniveau.<\/p>\n<p>SOCIALT ENGAGEMENT:<br \/>\nGrundlaget er for os:<br \/>\nVi plejer \u00e5benhed, humoren og er aktive med hensyn til at skabe trivsel og foreningsgl\u00e6de.<br \/>\nVi giver kammeratst\u00f8tte og hj\u00e6lp, hvor det er p\u00e5kr\u00e6vet og muligt.<br \/>\nVi deltager i det sociale liv og engagement i lokalforeningen.<\/p>\n<p>&nbsp;<\/p><\/blockquote>\n<h6><\/h6>\n<h6>Foreningens vedt\u00e6gter<\/h6>\n<p>Vedt\u00e6gter for lokalforening LIMFJORDEN<\/p>\n<ul>\n<li>\u00a71<\/li>\n<\/ul>\n<p>Foreningens navn er:<\/p>\n<p>Danmarks Veteraner &#8211; Limfjorden<\/p>\n<p>Danmarks Internationale Veteran Organisation.<\/p>\n<ul>\n<li>\u00a72<\/li>\n<\/ul>\n<p>Foreningens Form\u00e5l er:<\/p>\n<p>At samle hjemsendt og tjenesteg\u00f8rende civilt og milit\u00e6rt personel udsendt under FN, NATO, OSCE og EU.<\/p>\n<p>At st\u00f8tte og oplyse om FN\u2019s form\u00e5l og virke, herunder specielt de fredsbevarende og fredsskabende aktiviteter.<\/p>\n<p>At bidrage til skabelse af bedre samarbejde og st\u00f8rre forst\u00e5else mellem nationerne. \u00a0At knytte og styrke kammeratlige b\u00e5nd, bl.a. ved m\u00f8devirksomhed.<\/p>\n<p>At h\u00e6dre nulevende og afd\u00f8de medlemmer p\u00e5 v\u00e6rdig vis.<\/p>\n<p>At st\u00f8tte veteraner, som efter hjemkomst fra internationale operationer har behov herfor, bl.a. gennem Veteranst\u00f8tteordningen (VSO) eller p\u00e5 anden m\u00e5de.<\/p>\n<ul>\n<li>\u00a73<\/li>\n<\/ul>\n<p>Symboler m.v.<\/p>\n<p>Stk.1<\/p>\n<p>Foreningens farver er r\u00f8d, hvid og bl\u00e5 (de nationale og FN\u2019s farver).<\/p>\n<p>Foreningens logo er et v\u00e5benskjold med aftegning af Dannebrog og i midten FN\u2019s symbol. I dannebrogsskjoldet \u00f8verste venstre felt er anf\u00f8rt NATO, i \u00f8verste h\u00f8jre felt er anf\u00f8rt OSCE og i nederste felt af det hvide kors er anf\u00f8rt EU.<\/p>\n<ol>\n<li>Brug af foreningens logo er kun tilladt med hovedbestyrelsens godkendelse.<\/li>\n<li>Danmarks Veteraner markerer sin status, som international veteranorganisation \u00a0\u00a0\u00a0ved at anvende det f\u00e6lles veteranm\u00e6rke, i tilknytning foreningens officielle logo<\/li>\n<li>Foreningsfanens logo med teksten Limfjorden i \u00f8verste stangfelt side 1, samt det f\u00e6lles veteranm\u00e6rke med teksten Danmarks Internationale Veteranorganisation side 2<\/li>\n<li>Foreningsfanen opbevares hos den til enhver tid v\u00e6rende Faneb\u00e6rer.<\/li>\n<li>B\u00e6ring af Bl\u00e5 Baret er kun tilladt til FN arrangementer, som f.eks. 24. oktober FN dagen, 29. maj og andre FN og NATO arrangementer.\n<ul>\n<li>\u00a74<\/li>\n<\/ul>\n<p>Medlemmmer:<\/p>\n<p>Stk. 1<\/p>\n<p>Adgang til at blive medlem af foreningen har enhver, som har gjort tjeneste under FN\u2019s fredsbevarende aktioner og f.eks. NATO, OSCE, og EU.<\/p>\n<p>Ethvert medlem der m\u00e5tte g\u00f8re sig skyldig i den offentlige mening van\u00e6rende handling, eller ved sin handling skader foreningens omd\u00f8mme og tarv, kan af lokalforeningen, indstilles til eksklusion.<\/p>\n<p>Afg\u00f8relse om eksklusion tr\u00e6ffes af landsforeningens repr\u00e6sentantskab p\u00e5 f\u00f8rstkommende repr\u00e6sentantskabsm\u00f8de. Den til eksklusion indstillede har ret til p\u00e5 dette m\u00f8de, at forsvarer sig og sine handlinger.<\/p>\n<p>Stk. 2<\/p>\n<p>Et medlem der skifter mail adresse eller skifter fra fastnet til mobil telefoni, skal straks oplyse dette til lokalforeningen. Dette for hele tiden at have et ajourf\u00f8rt medlemskartotek. Meddelelse herom kan sendes til limfjorden@danmarksveteraner.dk<\/p>\n<ul>\n<li>\u00a75<\/li>\n<\/ul>\n<p>Kontingent:<\/p>\n<p>Stk. 1<\/p>\n<p>Kontingent indeholder betaling af medlemsbladet BARETTEN. Kontingentst\u00f8rrelsen fasts\u00e6ttes af Landsforeningen, der ligeledes p\u00e5 \u00e5rlige Repr\u00e6sentantskabsm\u00f8de tr\u00e6ffer beslutning lokalforeningernes andel, for det kommende regnskabs\u00e5r. Kontingentet opkr\u00e6ves af Landsforeningen over giro eller PBS med rettidig betaling den 15. februar hvert \u00e5r. Kvittering er gyldigt medlemsbevis.<\/p>\n<p>Stk.2<\/p>\n<p>Udmeldelse skal ske skriftlig til foreningens formand eller kartoteksf\u00f8reren.<\/p>\n<p>Stk. 3<\/p>\n<p>Manglende betaling af kontingent, medf\u00f8re sletning af medlemskabet og nulstilling af ancinitet. Dog f\u00f8rst efter lokalafdelingen har haft kontakt med medlemmet.<\/p>\n<ul>\n<li>\u00a76<\/li>\n<\/ul>\n<p>Bestyrelsen:<\/p>\n<p>Stk.1<\/p>\n<p>Foreningens bestyrelse af 5 medlemmer. Valgene er for 2 \u00e5r. Formand og 1 bestyrelsesmedlem v\u00e6lges p\u00e5 lige \u00e5r. 3 bestyrelsesmedlemmer v\u00e6lges p\u00e5 ulige \u00e5r. Bestyrelsen konstituerer sig selv ved f\u00f8rste m\u00f8de efter Generalforsamlingen med n\u00e6stformand, kasserer og sekret\u00e6r og bestyrelsesmedlemmer.<\/p>\n<p>Formanden v\u00e6lges s\u00e6rskilt p\u00e5 Generalforsamlingen.<\/p>\n<p>Der v\u00e6lges hvert \u00e5r p\u00e5 den ordin\u00e6re Generalforsamling 2 suppleanter for bestyrelsen, en faneb\u00e6rer og fanevagt for hver kategori. Genvalg kan finde sted.<\/p>\n<p>Stk.2<\/p>\n<p>S\u00e5fremt et bestyrelsesmedlem forlader bestyrelsen inden sin valgperiodes udl\u00f8b tr\u00e6der 1. suppleanten ind i stedet for, til f\u00f8rstkommende generalforsamling, hvor han\/hun kan v\u00e6lges for samme periode som den udtr\u00e5dte.<\/p>\n<p>Stk. 3<\/p>\n<p>Foreningens bestyrelse er bemyndiget til at anbringe nogle af foreningens midler til bedst mulig forrentning. Dette skal ske under iagttagelse af mindst mulig risiko.<\/p>\n<p>Stk, 4<\/p>\n<p>Foreningen tegnes af Formanden, og denne kan give prokura til andre medlemmer i bestyrelsen vedr. lokalforeningens anliggender. I formandens frav\u00e6r tr\u00e6der n\u00e6st\u00adformanden automatisk, i hans sted.<\/p>\n<p>Stk. 5<\/p>\n<p>Bestyrelsen kan til enhver tid neds\u00e6tte et underudvalg til varetagelse af s\u00e6rlige arrangementer o.I. Der skal v\u00e6re et bestyrelsesmedlem, som formand i et s\u00e5dant udvalg.<\/p>\n<ul>\n<li>\u00a77<\/li>\n<\/ul>\n<p><strong>Revision<\/strong><\/p>\n<p>Til at kontrollere bilagene i regnskabets bilag v\u00e6lges p\u00e5 den ordin\u00e6re<\/p>\n<p>Generalforsamling 2 bilagskontrollanter, kontrollanterne 2 \u00e5r. Kontrollanterne v\u00e6lges p\u00e5 skift hvert andet \u00e5r. Dette medf\u00f8rer i praksis, at der er overlapning p\u00e5 et \u00e5r.<\/p>\n<ul>\n<li>\u00a78<\/li>\n<\/ul>\n<p>Generalforsamling:<\/p>\n<p>Ordin\u00e6r generalforsamling afholdes primo feb. (prim\u00e6rt 1. tirsdag i feb. kl. 19:00) og indkaldes med 14 dages varsel enten ved skriftlig henvendelse eller meddelelse i medlemsbladet BARETTEN og p\u00e5 hjemmesiden.<\/p>\n<p>Dagsorden<\/p>\n<ol>\n<li>Valg af dirigent og stemmet\u00e6llere.<\/li>\n<li>Beretning ved formanden.<\/li>\n<li>Freml\u00e6ggelse af revideret regnskab, ved kassereren til godkendelse. (Regnskabs\u00e5ret er 1. jan &#8211; 31. dec.)<\/li>\n<li>Indkomne forslag behandles og skal v\u00e6re bestyrelsen i h\u00e6nde 8 dage f\u00f8r Generalforsamlingens afholdelse.<\/li>\n<li>Valg:<\/li>\n<\/ol>\n<ol>\n<li>Formand<\/li>\n<li>Bestyrelsesmedlemmer<\/li>\n<li>2 suppleanter for bestyrelsen<\/li>\n<\/ol>\n<ol>\n<li>Repr\u00e6sentanter til Repr\u00e6sentantskabet i Landsforeningen.<\/li>\n<li>1 bilagskontrollant<\/li>\n<li>1 suppleant for bilagskontrollant<\/li>\n<li>3 faneb\u00e6rere og 3 fanevagter til henholdsvis Dannebrogs- NATO- og FN-fanen.<\/li>\n<li>Eventuelt.<\/li>\n<\/ol>\n<p>Generalforsamlingens beslutning tr\u00e6ffes ved simpelt stemmeflertal. Personvalg er skriftlige s\u00e5fremt et medlem forlanger det.<\/p>\n<p>&nbsp;<\/p>\n<ul>\n<li>\u00a79<\/li>\n<\/ul>\n<p><strong>Ekstraordin\u00e6r Generalforsamling<\/strong><\/p>\n<p>Ekstra ordin\u00e6r Generalforsamling kan indkaldes af bestyrelse eller hvis 1\/4 af medlemmerne ved skriftlig henvendelse til bestyrelsen forlanger det.<\/p>\n<p>Skal indkaldes senest 5 uger efter p\u00e5 hjemmesiden, samt i medlemsbladet Baretten, hvis muligt.<\/p>\n<ul>\n<li>\u00a710<\/li>\n<\/ul>\n<p>Foreningen kan kun opl\u00f8ses s\u00e5fremt medlemstallet kommer under 25 og da kun, foreningens medlemmer med 4\/5 stemmer herfor.<\/p>\n<p>I tilf\u00e6lde af foreningens opl\u00f8sning skal foreningens midler overf\u00f8res til Lands\u00adforeningen.<\/p>\n<p>&nbsp;<\/p>\n<ul>\n<li>\u00a711<\/li>\n<\/ul>\n<p>\u00c6ndring af vedt\u00e6gterne fremsendes til landsforeningen n\u00e5r \u00e6ndringer forekommer.<\/p>\n<p>&nbsp;<\/p>\n<p>S\u00e5ledes vedtaget p\u00e5 stiftende generalforsamling den 4. okt. 1971<\/p>\n<p>\u00c6ndret p\u00e5 Generalforsamling den 7. sep. 1983.<\/p>\n<p>\u00c6ndret p\u00e5 Generalforsamling den 26. apr. 1984.<\/p>\n<p>\u00c6ndret p\u00e5 Generalforsamling den 3. apr. 1990.<\/p>\n<p>\u00c6ndret p\u00e5 Generalforsamling den 2. apr. 1991<\/p>\n<p>\u00c6ndret p\u00e5 ekstraordin\u00e6r Generalforsamling den 5. nov.1991<\/p>\n<p>\u00c6ndret p\u00e5 Generalforsamling den 6. feb. 1996<\/p>\n<p>\u00c6ndret p\u00e5 Generalforsamling den 5. feb. 2002<\/p>\n<p>\u00c6ndret p\u00e5 Generalforsamling den 4. feb. 2003<\/p>\n<p>\u00c6ndret p\u00e5 Generalforsamling den 3. feb. 2004<\/p>\n<p>\u00c6ndret p\u00e5 Generalforsamling den 7. feb. 2006<\/p>\n<p>\u00c6ndret p\u00e5 Generalforsamling den 2. mar. 2010<\/p>\n<p>\u00c6ndret p\u00e5 Generalforsamling den 4. feb. 2014<\/p>\n<p>\u00c6ndret p\u00e5 Generalforsamling den 7. feb. 2017<\/li>\n<\/ol>\n","protected":false},"excerpt":{"rendered":"<p>Kort over Aalborg Kaserner &nbsp; Klik p\u00e5 kortet for at forst\u00f8rre det. V\u00e6rdier V\u00e6rdierne for lokalforening &#8220;LIMFJORDEN&#8221; er:LOYALITET: Grundlaget er<\/p>\n","protected":false},"author":1,"featured_media":0,"parent":89,"menu_order":2,"comment_status":"closed","ping_status":"closed","template":"","meta":{"_crdt_document":"","footnotes":""},"class_list":["post-38","page","type-page","status-publish","hentry"],"_links":{"self":[{"href":"https:\/\/limfjorden.danmarksveteraner.dk\/wordpress\/wp-json\/wp\/v2\/pages\/38","targetHints":{"allow":["GET"]}}],"collection":[{"href":"https:\/\/limfjorden.danmarksveteraner.dk\/wordpress\/wp-json\/wp\/v2\/pages"}],"about":[{"href":"https:\/\/limfjorden.danmarksveteraner.dk\/wordpress\/wp-json\/wp\/v2\/types\/page"}],"author":[{"embeddable":true,"href":"https:\/\/limfjorden.danmarksveteraner.dk\/wordpress\/wp-json\/wp\/v2\/users\/1"}],"replies":[{"embeddable":true,"href":"https:\/\/limfjorden.danmarksveteraner.dk\/wordpress\/wp-json\/wp\/v2\/comments?post=38"}],"version-history":[{"count":9,"href":"https:\/\/limfjorden.danmarksveteraner.dk\/wordpress\/wp-json\/wp\/v2\/pages\/38\/revisions"}],"predecessor-version":[{"id":353,"href":"https:\/\/limfjorden.danmarksveteraner.dk\/wordpress\/wp-json\/wp\/v2\/pages\/38\/revisions\/353"}],"up":[{"embeddable":true,"href":"https:\/\/limfjorden.danmarksveteraner.dk\/wordpress\/wp-json\/wp\/v2\/pages\/89"}],"wp:attachment":[{"href":"https:\/\/limfjorden.danmarksveteraner.dk\/wordpress\/wp-json\/wp\/v2\/media?parent=38"}],"curies":[{"name":"wp","href":"https:\/\/api.w.org\/{rel}","templated":true}]}}